Informes Climáticos de Piles estilo NOAA


Report for 2017 Noviembre
                  MONTHLY CLIMATOLOGICAL SUMMARY FOR 11/2017
                                        HEAT  COOL        
     MEAN                               DEG   DEG       WIND SPEED       DOM MEAN  MEAN
DAY  TEMP  HIGH   TIME     LOW   TIME   DAYS  DAYS RAIN AVG  HI  TIME    DIR BAROM HUM
---------------------------------------------------------------------------------------
1    18.3  22.4    15:34  15.7     5:06   47    0  0.00   7  29    16:19   W1023.86   86
2    17.8  21.3    16:08  14.4     6:22   47    0  0.00   7  26    15:28   W1021.24   84
3    17.8  21.5    13:03  14.9     7:55   47    0  0.00   7  21     5:12   W1016.41   88
4    18.5  22.7    11:30  16.3     6:40   46    0  0.00   8  31    20:16   W1013.94   84
5    18.8  23.3    14:56  15.7    23:58   46    0  0.00  12  37     2:38 WNW1018.59   58
6    15.4  19.1    15:48  11.9    23:49   50    0  0.00  12  40    12:53 WNW1021.82   48
7    13.4  19.4    15:30   9.2     7:23   52    0  0.00  10  34     9:57   W1019.97   50
8    15.7  19.2    15:27  12.6     7:44   49    0  0.00   9  26    13:59   W1021.99   57
9    12.6  16.6    15:50   8.7     7:46   52    0  5.60   8  24     3:37   W1024.83   63
10   13.7  18.9    14:58   9.4     7:30   51    0  0.00   8  24     9:37   W1027.20   53
11   16.8  23.1    15:44  12.8     0:05   48    0  0.00   9  29     5:52   W1025.43   53
12   17.2  21.4    12:51  13.6     8:24   48    0  0.00  10  32    10:35   W1019.90   55
13   16.2  18.6    13:10  10.7    23:44   49    0  0.00  13  39     3:50 WNW1017.02   46
14   11.5  15.5    12:06   8.0     6:50   53    0  0.00   9  24     4:56   W1020.94   47
15   13.0  18.7    13:04   8.5     5:13   52    0  0.00   8  24     7:10   W1021.52   61
16   13.2  16.8    11:36   9.2     7:39   52    0  0.00   9  21     5:35   W1022.16   72
17   12.2  12.3     0:14  11.9     0:54    2    0  0.00  11  21     0:41   W1023.41   86
---------------------------------------------------------------------------------------
TOT  15.6  23.3  5/11/17   8.0 14/11/17  792    0  5.60   9  40  6/11/17   W1021.06   63

HEAT BASE: 65.0
COOL BASE: 65.0